670134?
2, 137, 49891
What are the prime factors of 4640228?
2, 1160057
List the prime factors of 1550659.
11, 29, 4861
What are the prime factors of 3557357?
349, 10193
What are the prime factors of 1751708?
2, 7, 73, 857
What are the prime factors of 92720?
2, 5, 19, 61
What are the prime factors of 29149616?
2, 163, 11177
List the prime factors of 13014780.
2, 3, 5, 23, 9431
What are the prime factors of 167184?
2, 3, 43
List the prime factors of 2692465.
5, 59, 9127
What are the prime factors of 578982?
2, 3, 96497
What are the prime factors of 3033610?
2, 5, 303361
What are the prime factors of 125954?
2, 71, 887
What are the prime factors of 343743?
3, 149, 769
What are the prime factors of 8692332?
2, 3, 11, 65851
List the prime factors of 589617.
3, 7, 191
List the prime factors of 308400.
2, 3, 5, 257
What are the prime factors of 1391287?
1391287
List the prime factors of 9413426.
2, 11, 427883
What are the prime factors of 16923?
3, 5641
What are the prime factors of 5632166?
2, 2816083
What are the prime factors of 27467416?
2, 317, 10831
List the prime factors of 44892.
2, 3, 29, 43
What are the prime factors of 82898?
2, 181, 229
List the prime factors of 2091153.
3, 17, 131, 313
List the prime factors of 7574.
2, 7, 541
What are the prime factors of 5646736?
2, 139, 2539
What are the prime factors of 81472?
2, 19, 67
What are the prime factors of 275579?
275579
List the prime factors of 12936023.
12936023
List the prime factors of 527471.
7, 75353
List the prime factors of 31366056.
2, 3, 73, 17903
List the prime factors of 468728.
2, 13, 4507
List the prime factors of 3512544.
2, 3, 7, 5227
What are the prime factors of 401702?
2, 7, 4099
What are the prime factors of 1101228?
2, 3, 163, 563
What are the prime factors of 32713158?
2, 3, 5452193
What are the prime factors of 5573971?
13, 157, 2731
What are the prime factors of 436871?
436871
List the prime factors of 3824777.
11, 347707
What are the prime factors of 6646381?
7, 43, 71, 311
What are the prime factors of 434013?
3, 144671
What are the prime factors of 337763?
19, 29, 613
List the prime factors of 1361979.
3, 41, 3691
List the prime factors of 7206172.
2, 229, 7867
What are the prime factors of 267491?
7, 53, 103
What are the prime factors of 1485232?
2, 7, 89, 149
What are the prime factors of 263382?
2, 3, 7, 6271
List the prime factors of 1676028.
2, 3, 19, 7351
What are the prime factors of 1092394?
2, 546197
List the prime factors of 74943.
3, 11, 757
List the prime factors of 77464.
2, 23, 421
List the prime factors of 4868058.
2, 3, 13, 139, 449
What are the prime factors of 55196?
2, 13799
What are the prime factors of 283478?
2, 13, 10903
List the prime factors of 3239141.
3239141
List the prime factors of 4344062.
2, 2172031
What are the prime factors of 179630?
2, 5, 11, 23, 71
List the prime factors of 2806526.
2, 89, 15767
What are the prime factors of 4495622?
2, 2247811
List the prime factors of 138470.
2, 5, 61, 227
List the prime factors of 33437883.
3, 23, 484607
List the prime factors of 4422277.
37, 47, 2543
List the prime factors of 1554687.
3, 71, 811
List the prime factors of 238134.
2, 3, 13, 43, 71
List the prime factors of 22558649.
22558649
List the prime factors of 1122774.
2, 3, 187129
What are the prime factors of 43502704?
2, 7, 19, 20443
List the prime factors of 491384.
2, 239, 257
What are the prime factors of 21297896?
2, 73, 36469
What are the prime factors of 117380?
2, 5, 5869
What are the prime factors of 4639015?
5, 927803
What are the prime factors of 4438559?
4438559
What are the prime factors of 68975?
5, 31, 89
List the prime factors of 3711121.
3711121
What are the prime factors of 1293965?
5, 137, 1889
What are the prime factors of 55583?
11, 31, 163
List the prime factors of 139617.
3, 5171
What are the prime factors of 2070508?
2, 11, 47057
List the prime factors of 2273091.
3, 191, 3967
What are the prime factors of 1327247?
349, 3803
What are the prime factors of 195344?
2, 29, 421
List the prime factors of 1876320.
2, 3, 5, 1303
List the prime factors of 559159.
47, 11897
What are the prime factors of 1012932?
2, 3, 83, 113
List the prime factors of 25216514.
2, 12608257
List the prime factors of 1168849.
11, 59, 1801
What are the prime factors of 3541419?
3, 7, 67, 839
List the prime factors of 12766422.
2, 3, 17, 47, 2663
List the prime factors of 5034793.
151, 33343
List the prime factors of 11353020.
2, 3, 5, 7, 27031
What are the prime factors of 2203771?
2203771
What are the prime factors of 12085?
5, 2417
List the prime factors of 156771.
3, 17419
What are the prime factors of 514007?
13, 19, 2081
What are the prime factors of 15805582?
2, 13, 41, 14827
What are the prime factors of 242862?
2, 3, 17, 2381
List the prime factors of 225144.
2, 3, 53, 59
What are the prime factors of 434552?
2, 54319
What are the prime factors of 957693?
3, 11, 29021
List the prime factors of 251190.
2, 3, 5, 2791
List the prime factors of 25289142.
2, 3, 523, 8059
What are the prime factors of 28088336?
2, 23, 127, 601
What are the prime factors of 821391?
3, 273797
What are the prime factors of 5048652?
2, 3, 7, 60103
List the prime factors of 20205755.
5, 4041151
What are the prime factors of 3137791?
149, 21059
List the prime factors of 282458.
2, 11, 37, 347
List the prime factors of 695080.
2, 5, 17377
List the prime factors of 103722.
2, 3, 59, 293
List the prime factors of 1019798.
2, 13, 61, 643
What are the prime factors of 15472679?
15472679
What are the prime factors of 1687518?
2, 3, 7, 59, 227
List the prime factors of 2449353.
3, 816451
List the prime factors of 189702.
2, 3, 1171
List the prime factors of 52324.
2, 103, 127
List the prime factors of 849343.
11, 77213
List the prime factors of 2251206.
2, 3, 47, 887
What are the prime factors of 161619?
3, 17, 3169
List the prime factors of 117573.
3, 39191
List the prime factors of 27931720.
2, 5, 698293
What are the prime factors of 1261454?
2, 151, 4177
What are the prime factors of 14952770?
2, 5, 7, 213611
List the prime factors of 1133190.
2, 3, 5, 1399
List the prime factors of 1272879.
3, 233, 607
List the prime factors of 9367483.
9367483
What are the prime factors of 469787?
469787
List the prime factors of 4748851.
59, 80489
List the prime factors of 330321.
3, 103, 1069
What are the prime factors of 7112285?
5, 967, 1471
What are the prime factors of 15894159?
3, 1151, 4603
What are the prime factors of 2408414?
2, 1204207
List the prime factors of 324397.
324397
List the prime factors of 11844661.
389, 30449
List the prime factors of 180174.
2, 3, 30029
What are the prime factors of 130297?
29, 4493
What are the prime factors of 24099671?
59, 408469
What are the prime factors of 4937267?
4937267
What are the prime factors of 559983?
3, 73, 2557
List the prime factors of 88517.
11, 13, 619
List the prime factors of 91122.
2, 3, 15187
What are the prime factors of 507117?
3, 13, 13003
List the prime factors of 46871.
11, 4261
What are the prime factors of 9598157?
9598157
List the prime factors of 24322.
2, 12161
List the prime factors of 277138.
2, 138569
What are the prime factors of 25267?
11, 2297
What are the prime factors of 200960?
2, 5, 157
List the prime factors of 152085.
3, 5, 10139
What are the prime factors of 144740?
2, 5, 7237
List the prime factors of 117980.
2, 5, 17, 347
List the prime factors of 4066914.
2, 3, 277, 2447
List the prime factors of 2343817.
7, 31, 1543
List the prime factors of 142893.
3, 15877
What are the prime factors of 1188582?
2, 3, 198097
What are the prime factors of 75233?
23, 3271
What are the prime factors of 718184?
2, 107, 839
List the prime factors of 4351163.
23, 37, 5113
What are the prime factors of 1256206?
2, 7, 53, 1693
What are the prime factors of 5520302?
2, 2760151
List the prime factors of 7291960.
2, 5, 13, 37, 379
What are the prime factors of 161591?
161591
List the prime factors of 125185.
5, 25037
List the prime factors of 419344.
2, 26209
What are the prime factors of 7610689?
7610689
What are the prime factors of 181932?
2, 3, 15161
What are the prime factors of 2956540?
2, 5, 147827
What are the prime factors of 190039?
59, 3221
List the prime factors of 56896.
2, 7, 127
What are th